s divided by 5.
4
Let m(y) = 4*y + 1. Calculate the remainder when ((42/6)/7)/(2/124) is divided by m(4).
11
Let o = 217 + -125. What is the remainder when 273 is divided by o?
89
Calculate the remainder when 96 is divided by 16*(2/5)/((-28)/(-175)).
16
What is the remainder when 216 is divided by (9 + (-28)/3)*-153?
12
Let s = -17 - -24. Let m = -2 + s. Suppose 4*c + c - 99 = -b, 0 = m*c - 4*b - 79. What is the remainder when 36 is divided by c?
17
Suppose -177*b - 140 = -187*b. What is the remainder when 75 is divided by b?
5
Let b be (147 - -2)*(1 - 0). Let k = b + -56. Calculate the remainder when k is divided by 24.
21
What is the remainder when 95 is divided by (-2 - 82/4)/(4/(-8))?
5
Let o = -19 + 45. Suppose 22 = 4*y - 46. Calculate the remainder when 1703/o + 1/(-2) is divided by y.
14
Let r = 174 + -123. Let k be (-6)/(-2)*(-28)/12. Let l(u) = u**2 + 5*u - 1. Calculate the remainder when r is divided by l(k).
12
Suppose -30 = 4*w - 42. Suppose -5*h - w*d + 80 = 0, -3*h - 5*d + 14 = -50. Calculate the remainder when 88 is divided by h.
10
Let v(z) = -6*z**3 - 2 - 5*z**2 - 3*z + 4 - 6*z**3 + 8*z**3. Calculate the remainder when 32 is divided by v(-2).
12
Suppose -32 = -4*v - 24, p + 2*v - 223 = 0. Calculate the remainder when p is divided by 76.
67
Let c = 21 - 20. What is the remainder when (-6)/c + 3 - -1*152 is divided by 38?
35
Let m = -4 - -7. Suppose 5*r - 3*d + 7*d = 63, m*d = -9. Calculate the remainder when 4/10 + 144/r is divided by 6.
4
Calculate the remainder when (-2)/(-3)*(-18)/12 - -140 is divided by 7.
6
Suppose 3*f = 4*a - 213, 2*a + 2*f - 137 = -41. Suppose -17*o + 192 = -5*o. What is the remainder when a is divided by o?
3
Let k(x) = x**2 + 5*x + 4. Let l be k(-5). Suppose -4*f - c = -5*f + 69, l*c + 8 = 0. What is the remainder when f is divided by 17?
16
Let w = 44 - 29. Suppose 4*x = 5*j - 0*j + 33, 3*j = -w. Suppose -h + 0*h = 0, 2*i = -x*h + 68. Calculate the remainder when 169 is divided by i.
33
Let y(x) be the second derivative of -x**5/20 - 7*x**4/12 - 7*x**3/6 + 4*x**2 + 25*x. What is the remainder when y(-6) is divided by 5?
4
Suppose 4*p = 4*z + z - 66, 2*p + 8 = 0. What is the remainder when -1*(-41)/(533/364) is divided by z?
8
Let s = -107 - -44. Let m = s - -75. What is the remainder when 59 is divided by m?
11
Let y(l) = l**2 + 7*l + 16. Suppose 13 + 11 = -2*u. What is the remainder when y(u) is divided by 26?
24
What is the remainder when 109 is divided by ((-76)/6)/((-7)/3 + 2)?
33
Let r(j) = -2*j - 3. Let q be r(-3). Let d(b) = 4*b**2 - b - 5. Let s be d(q). Suppose 0 = -20*p + 16*p + s. Calculate the remainder when 19 is divided by p.
5
Suppose -r = 3*w + 85, r + 2*r - 5*w = -185. Let q = -32 - r. Let h = -5 + 18. Calculate the remainder when q is divided by h.
12
Suppose -147 = -0*u - 4*u - k, 6*k = 18. What is the remainder when 248 is divided by u?
32
Let f = -344 + 679. What is the remainder when f is divided by 13?
10
Let c = -3 + 8. Suppose -5*u + b + 29 = 0, -7*u - 5 = -12*u - 5*b. What is the remainder when c is divided by u?
0
Let b(a) = -a**2 - 13*a. Let o be b(-13). Suppose -2*c - 10 + 110 = o. Let f = -13 + 30. Calculate the remainder when c is divided by f.
16
Let g = -4 - -7. Suppose -74 = g*j - 5*j. Calculate the remainder when j is divided by 10.
7
Let a(b) be the first derivative of b**2/2 + 11*b - 20. Let t = 1 + -1. What is the remainder when 32 is divided by a(t)?
10
Let b(w) = -24*w - 1 + 3 + 25*w. Calculate the remainder when 195 is divided by b(20).
19
Let d = 92 - 50. Let g(m) = 3*m**2 + 80*m - 16. Calculate the remainder when d is divided by g(-27).
9
Suppose 4905 = 705*v - 690*v. What is the remainder when v is divided by 34?
21
Let z(f) = -f**3 + 7*f**2 - 7*f - 2. Let q be z(6). Let m = q + 10. Suppose p - m*p = -16. What is the remainder when 31 is divided by p?
15
Let d(a) = 30*a**2 + 13*a + 15. What is the remainder when d(-5) is divided by 348?
4
Let d = 38 - 10. Let z be 48/d - (-2)/7. Suppose -z = -2*p + 14. What is the remainder when 31 is divided by p?
7
Suppose -54*k + 616 = -50*k - 4*z, -308 = -2*k - 5*z. Calculate the remainder when k is divided by 39.
37
Let y(i) = i**3 + 7*i**2 - 20*i - 8. Calculate the remainder when 33 is divided by y(-9).
3
Let b(z) = -9*z - 3. Suppose 585 = -22*m + 27*m. What is the remainder when m is divided by b(-7)?
57
Let z(o) = -6*o + 33. Let a be z(6). Suppose 0*w + 3*w = 51. Let t = w + a. Calculate the remainder when t is divided by 5.
4
Calculate the remainder when ((-256)/10)/(22/(-165)) is divided by 49.
45
Suppose 0 = i + 1, 3*z = -0*z + 3*i + 66. Suppose -1 + 13 = u. What is the remainder when z is divided by u?
9
Calculate the remainder when 248 is divided by ((-200)/(-70))/(-10) - (-86)/7.
8
Suppose -11*v + 17*v - 2736 = 0. What is the remainder when v is divided by 22?
16
Suppose -5*x - v = -55, 3*v = 7*v. Let h(d) = -d**3 - 8*d**2 + 5*d - 17. Let r(y) = 2*y - 1. Let w be r(-4). What is the remainder when h(w) is divided by x?
8
Let y be (-2)/8 + 931/28. Let d = 84 - y. What is the remainder when d is divided by 27?
24
Let p = 274 + -260. What is the remainder when 22 is divided by p?
8
Let m(t) = -3*t**2 - 22*t - 11. Let o be m(-9). Let w = -43 - o. What is the remainder when w is divided by 5?
3
Suppose 2*a + 0*c = 2*c + 40, 0 = -a - 2*c + 5. Calculate the remainder when 34 is divided by a.
4
Let p = 6 - -20. Suppose -z - 2*z = -12. Suppose q + z*q - 45 = 0. Calculate the remainder when p is divided by q.
8
Let z(u) be the first derivative of 2*u**3/3 + 3*u**2 + 14*u - 12. What is the remainder when 66 is divided by z(-3)?
10
Let i = -42 + 21. Let s = i - -30. Let n(h) = h**3 - 9*h**2 + 11. What is the remainder when 42 is divided by n(s)?
9
Suppose -9 = -2*o - k - 4, 0 = 5*o - 3*k - 7. Let y = 3 + 7. Let q = o + y. What is the remainder when q is divided by 7?
5
Let s(w) = -9*w**2 + 4*w**3 + 5*w - 5 + 2*w**3 - 5*w**3. Let c be s(7). What is the remainder when c/(-8) - 2/(-4) is divided by 4?
1
Suppose 1 = -4*u - 7, q - 2*u = -14. Let f be 30/20 + 118/4. Let z = q + f. Calculate the remainder when 37 is divided by z.
11
Calculate the remainder when (0 - (40 - 4))*(-4)/6 is divided by 9.
6
Let s(o) = 29*o + 691. Calculate the remainder when 540 is divided by s(-18).
33
Calculate the remainder when ((-75)/(-30))/((-15)/(-6918)) is divided by 55.
53
Suppose 120*j = 152*j - 960. Calculate the remainder when 40 is divided by j.
10
Suppose -2*b = -b + 4*u - 17, -b = -2*u + 13. Let w = b + 36. Suppose 4*j = w + 27. Calculate the remainder when 58 is divided by j.
13
Suppose -5*u + 17 + 95 = 2*j, 4*u - 59 = -j. What is the remainder when j is divided by 9?
6
Let i(z) = -z + 4. Calculate the remainder when i(-7) is divided by (98/21)/(-14)*-9.
2
Let q = -399 - -428. What is the remainder when q is divided by (96/(-18))/((-1)/3)?
13
Let j(q) = 38*q - 29. Calculate the remainder when 185 is divided by j(2).
44
What is the remainder when (119/(-7))/(12/(-228)) is divided by 54?
53
Suppose 3*m - m - 16 = 0. Let z be ((-260)/30)/(1/6). Let d = -46 - z. Calculate the remainder when m is divided by d.
2
Suppose 15*i - 1705 = 3485. What is the remainder when i is divided by 50?
46
Let f be (-3 - 3)/(2/(-5)). Suppose 5*n + f - 5 = 0. Calculate the remainder when 19/(n*1/(-2)) is divided by 7.
5
Let h = 13 + -69. Let z = -45 - h. Calculate the remainder when 18 is divided by z.
7
Suppose 6*o - o = 10. Suppose 2*m = 2*c - o*m - 8, 5*c - m = 56. What is the remainder when 2 + 28/c*3 is divided by 4?
1
Let g = 64 - 7. Let f = g + -44. Calculate the remainder when 38 is divided by f.
12
Suppose 73 = -4*x + 5*n - 79, -3*x = 3*n + 87. Let z = -19 - x. Suppose -3*h + 4*h - z = 0. Calculate the remainder when 27 is divided by h.
13
Let w = 28 + -63. Let r = 54 + w. Calculate the remainder when 150 is divided by r.
17
Suppose 3*c - 7*c + 20 = 0. Suppose 26 = m + 3*l - 1, -c*l + 85 = 5*m. Suppose -y = y - 90. What is the remainder when y is divided by m?
9
Let n be (-114)/(-14) + (-2)/14. Suppose -z + 5*q = -18, -4*q + n = -4. Calculate the remainder when z is divided by 20.
13
Let l(b) = -b**3 + 36*b**2 - 25*b - 142. Calculate the remainder when l(35) is divided by 11.
10
Let x(h) = 18*h**2 - 81*h. What is the remainder when x(5) is divided